-6. Let l(z) = -2*z - 3. Let g be l(i). Let r(v) = 4*v - 3. What is the units digit of r(g)?
9
Let q(l) = -2*l - 2. Let w be q(-2). Let c(u) = -3*u. Let g be c(-2). What is the units digit of ((-8)/(-3))/(w/g)?
8
Let f be 7 + 1 - (-4 - -6). Let u be (4 - 0)*f/8. Suppose -u*b + 5*a = -2*b - 23, a - 13 = -2*b. What is the units digit of b?
8
Suppose 5*b - 7 = 4*o - 3*o, 0 = 4*b - 5*o + 7. Suppose -b*j + 132 = 2*j. What is the tens digit of j?
3
Suppose 4*d - 5*m - 119 = 761, -2*d - 2*m + 440 = 0. What is the hundreds digit of d?
2
Let c(r) = -r**3 - 2*r**2 - 2*r - 1. Let d be c(-3). Let b be 0 + 1 + (3 - 0). Suppose t - 4*v = d, -5*t + 2 = 4*v + b. What is the units digit of t?
2
Suppose 5*j = 109 + 41. What is the tens digit of j?
3
Let z(b) be the second derivative of b**5/20 + b**4/3 - b**3/6 - b**2/2 + 2*b. What is the units digit of z(-4)?
3
Let j(n) = 0 + 3 - 2*n + 7*n**2 + 2*n. What is the tens digit of j(2)?
3
Suppose -5*g = -2*a + 124 + 186, -3*a = g - 431. What is the units digit of a?
5
Suppose -163 + 488 = 5*r. What is the tens digit of r?
6
Suppose 2*a - 20 = -5*w + 2, 2*w = a + 7. Suppose -w*m + 1 - 5 = 0, 4*f = 3*m + 159. What is the tens digit of f?
3
Suppose -5*g + 39 + 31 = 0. Suppose -2*o + g + 4 = 0. What is the units digit of o?
9
Let j(w) = w**3 - w**2 + 3*w - 4. Let k be j(4). Let z = k - 23. What is the tens digit of z?
3
Suppose 0*h = 3*h. Suppose -3*k = -5*l + 41, 0 = -2*l + 5*k + 24 - h. What is the units digit of l?
7
Suppose v + 6 = u, 0 = -4*v - 4. Suppose u*j - 4*j - 10 = 0. Suppose -j + 73 = 3*p. What is the units digit of p?
1
Let i be (9/4)/(2/72). Suppose -5*s - 3*k + 2*k + i = 0, -3*s + 5*k + 43 = 0. What is the units digit of ((-12)/s)/(2/(-24))?
9
Let y(w) = w + 20. Let p = -23 - -33. What is the tens digit of y(p)?
3
Let f(t) = -t**2 + 10*t - 3. Let s = -3 - -11. What is the tens digit of f(s)?
1
Let k be (-3)/1 + -7 + 1. Let y = -7 - k. Suppose -y*w + 10 = n - 3, 0 = -w - 4*n + 17. What is the units digit of w?
5
Suppose -5*m + 20 = 0, -3*m - 4 = -5*j - 26. Let s = -3 - -2. What is the units digit of s*26*1/j?
3
Suppose 5*p = -8 + 18. Suppose 30 = 7*n + p. What is the units digit of n?
4
Suppose -3*y + y - 490 = -4*r, -4*r - y = -475. Suppose 6*w - r = w. What is the units digit of w?
4
What is the tens digit of -3*(69/(-9) - 1)?
2
Suppose 2*l + 215 = 5*a, -2*l = -a + 22 + 13. What is the tens digit of a?
4
Suppose -2*d = -0*n + n - 7, 3*d - 15 = 0. Let y(m) = -4*m - 7. Let r(j) = -5*j - 7. Let t(h) = 3*r(h) - 4*y(h). What is the units digit of t(n)?
4
Let h(y) = -y + 1. Let x(p) = -p**3 + 3*p**2 + 3*p + 1. Suppose -2*l = -1 - 7. Let w be x(l). What is the units digit of h(w)?
4
Suppose -3*m + 8*m = 3*h + 12, -m + 5*h - 2 = 0. What is the units digit of m?
3
Let m(i) = -33*i - 61. What is the tens digit of m(-12)?
3
Let x(b) = 2 - 2*b**2 - b**3 - 4*b**2 + 0. Let t be x(-6). Suppose -3*r + 14 = -t*r. What is the tens digit of r?
1
Let n(b) = -1 + 2 + 2 + 6*b - 3*b. Let q be -2 - (-1 + -5)*1. What is the tens digit of n(q)?
1
Suppose -4*t - t - 124 = -3*x, -5*t + 66 = 2*x. What is the tens digit of x?
3
Let s(h) = -h + 4. Let g be s(5). Let f be (0 - g) + -18 + 1. Let q = f - -24. What is the units digit of q?
8
Suppose 7*h = h + 678. What is the tens digit of h?
1
Let n(b) = 2*b**2 - 5*b + 3. Let f be n(3). Suppose 7*k = 2*k + 10. Let d = f - k. What is the units digit of d?
4
Suppose -4*s + s = 3, 31 = -5*o - s. Let m be 16/(-12)*o/4. Suppose q = -m + 5. What is the units digit of q?
3
Suppose 2*u + 4*j - 5 = -u, -4*u + 5 = 5*j. Let q be 3/3*(1 - -1). What is the units digit of -2 - (q*u - 1)?
9
Let s(a) = a**3 + 4*a**2 + 5*a + 3. Let y be s(-3). Let i = -5 - y. Let p = 3 - i. What is the units digit of p?
5
Let b(v) be the third derivative of v**4/12 - 5*v**3/3 - 2*v**2. Let r be b(7). Suppose w - 2*h - 2 = -2*w, -10 = -w - r*h. What is the units digit of w?
2
Suppose 2*y - 22 = -4*r + 4*y, -5*r + 10 = y. Suppose -16 = r*x - 52. What is the units digit of x?
2
Suppose 142 = 6*r - 4*r. Let k = r + -42. What is the units digit of k?
9
What is the units digit of (-11 - -8)*122/(-6)?
1
Let z(o) = 2*o. Let f be z(0). Suppose f = -3*u + 2 + 43. What is the units digit of u?
5
Let x = -11 + 8. Let d be (3 - (-105)/x)*-1. What is the units digit of (d + 1)*2/6?
1
Suppose -5*s - 2*d = -79 + 9, -4*d = -2*s + 4. What is the tens digit of s?
1
Suppose 0 = -4*u + a + 85, a + 104 = 5*u + 2*a. What is the units digit of u?
1
Let p = 25 + 18. What is the tens digit of p?
4
Let a(n) = -n - 16. Let f be a(-9). Let r = f - -12. What is the units digit of r?
5
Let i(j) be the third derivative of -j**6/120 - j**5/15 + j**4/4 + 7*j**3/6 - 5*j**2. What is the units digit of i(-5)?
2
Suppose 3*v = -4*r + v - 22, 5*r + 3*v = -26. Let n = r + 11. Suppose -n*b = -7 - 17. What is the units digit of b?
6
Suppose -185 - 228 = -7*s. What is the tens digit of s?
5
Let r = 15 - 9. Suppose -r*w + 2*w + 4 = 0. What is the units digit of w?
1
Suppose 2*o - 4*q = 30, 3 = o + 4*q - 6. Let u = o + -7. What is the units digit of u?
6
Suppose 3*a - 45 = -0. What is the units digit of a?
5
Suppose -g = g - 120. What is the units digit of g?
0
Suppose -3*w + 12 = 4*c, -4*w + 6*c - 3*c = 9. Let o be (-1 + w)*(-2)/2. What is the tens digit of 14 - (o - 1 - -1)?
1
Let h = 5 + -5. What is the units digit of 4 + h + (55 - 1)?
8
Let w(z) = -3*z - 7. Let h(t) = -t**2 - 13*t + 14. Let u be h(-15). What is the tens digit of w(u)?
4
Let l = 5 - -9. Let n = -4 + l. What is the tens digit of n?
1
Let a be ((-42)/9)/((-2)/6). Let q = a - 8. What is the units digit of q/(-4)*42/(-9)?
7
Suppose -m = 2*m + 45. Let i = -4 - m. What is the units digit of i?
1
Let d(w) be the third derivative of 7*w**4/24 + 7*w**3/6 - 4*w**2. What is the units digit of d(3)?
8
Let s = 659 + -373. What is the units digit of s?
6
Let q(h) = h**2 + 15*h + 21. What is the units digit of q(-14)?
7
Let s = 41 + -71. Let v = s - -51. What is the tens digit of v?
2
Let m(s) = -s + 23. What is the units digit of m(11)?
2
Suppose -291 = -6*s + 2001. What is the units digit of s?
2
Let u = 20 + 162. What is the tens digit of u?
8
Let m(a) = 13*a + 10. What is the units digit of m(4)?
2
Suppose -15*b = -8*b - 1106. What is the hundreds digit of b?
1
Let a(v) = v**3 - 8*v**2 - 6*v - 10. What is the tens digit of a(9)?
1
Let d be ((-108)/16)/((-6)/16). Let n be (-6)/27 - (-130)/d. What is the units digit of (-1 + 0)*n*-1?
7
Suppose 2*b - 90 = -b + k, 0 = -3*k. Suppose -2*u = -5*u - b. Let m = 22 + u. What is the units digit of m?
2
Let j(k) = k**3 + 10*k**2. Suppose -45 = 4*b - 5*o, -49 = 5*b + o - 0*o. Let d be j(b). Let z = d + 4. What is the units digit of z?
4
Let a(h) = h + 2. Suppose 4*k + 4*t = 26 + 2, -4*k = -3*t - 14. Suppose k*b = b + 28. What is the units digit of a(b)?
9
Suppose -4*a - 11 = -m, 0 = m - 6*m - 2*a - 11. Let j = m + 8. Suppose j + 13 = 2*w. What is the tens digit of w?
1
Suppose 15 = 2*c + h, 2*h + 9 = c + h. Suppose n + 1 - c = 0. What is the units digit of n?
7
Let k be -6 - -3 - (-6 - 1). What is the units digit of (k/10)/(5/100)?
8
Let h be 1/(-3) - 87/9. Let q = h + 14. Suppose 5*j + q*d + 0 = 15, -d = -3*j + 26. What is the units digit of j?
7
Let t be ((-5)/5)/((-2)/6). Suppose 6*f - 18 = t*f. What is the units digit of f?
6
Suppose -5*j + 0*j + 10 = 0. What is the units digit of j?
2
Let u(d) = -2*d - 4. Let q(b) = -b**3 + 6*b**2 + 2. Let w be q(6). Let c(t) = t**3 - 3*t**2 + 2*t - 3. Let i be c(w). What is the units digit of u(i)?
2
Let q(t) = -6*t + 3. Let p(k) = 13*k - 5. Let z(d) = -2*p(d) - 5*q(d). What is the units digit of z(5)?
5
What is the units digit of 0/2 - 354/(-6)?
9
What is the units digit of ((-4)/3)/((-16)/264)?
2
Suppose 0*m = -5*m + 5*l + 15, -11 = -5*m + l. Suppose -4*w + 100 = -4*i, 0 = 5*w - 4*w + m*i - 19. What is the tens digit of w?
2
Let o(t) = -t**3 + 4*t**2 + 7*t. Let j(w) = 6*w**2 - 1. Let i be j(1). What is the units digit of o(i)?
0
Let n(m) = 51*m**3 + m**2 - 12*m**3 - 7 + 8 - 2*m**2. What is the tens digit of n(1)?
3
Let y = -23 + 37. Suppose 10 = 4*l - y. What is the units digit of l?
6
Let d(r) = -3*r - 25. What is the units digit of d(-9)?
2
Let i = -16 + 10. Let r(m) = -4*m - 6. What is the units digit of r(i)?
8
Let g =